digit of w?
5
Let s be 5 - (-5 - -4 - -2). Suppose -s*f + 213 = 2*n + 3*n, -2*f = n - 99. Let o = -41 + f. What is the units digit of o?
6
Let n be 1 + (-8440)/(-3 - 1). Suppose 0 = -11*c + 7*c - h + 2101, -3*h + n = 4*c. What is the tens digit of c?
2
Suppose 59*y - 1211320 = -113*y + 62*y. What is the thousands digit of y?
1
Let x(z) be the first derivative of 507*z**4/4 - 2*z**3/3 + 2*z + 7. What is the units digit of x(1)?
7
Let o = -452 + 1030. Suppose -3390 = -4*h - 5*r, r + o + 265 = h. What is the tens digit of h?
4
Suppose 2*c = z - 0*z - 3, -4*c = 2*z + 26. Let h(a) = -23*a - 14. Let u be h(c). Let m = 151 - u. What is the tens digit of m?
7
Let y be (0 - -7)/((66/(-12))/11). Let x be (-1 - -1)/((-56)/y) - -41. Suppose -43*k + 58 = -x*k. What is the tens digit of k?
2
What is the hundreds digit of 10 + -2*13634/(-17)?
6
What is the tens digit of -11*1*(-2 + 6 - 1317)?
4
Suppose -4*x - 8696 = -4*t, 3*t + 7*x - 11*x - 6517 = 0. Let n = t + -1246. What is the units digit of n?
3
Suppose 136 = -q - 32. Let t be (-7888)/(-28) - (-26)/91. Let k = q + t. What is the units digit of k?
4
Let v be (-10)/(-3) - 4 - 19184/(-12). Let t = 2260 - v. What is the tens digit of t?
6
Suppose -3*z + 873 = x - 94, -4*z = -3*x - 1311. What is the units digit of z?
4
Suppose -4*t - 148 = -844. Let g(y) = -y**3 - 4*y**2 + 8*y - 10. Let l be g(4). Let v = t + l. What is the units digit of v?
8
Let p(i) = 2*i**3 + 16*i**2 + 2*i - 6. Suppose f + 29 = -4*t, 4*f = f + 5*t - 36. Let a = 10 + f. What is the tens digit of p(a)?
7
Let c(y) = 23*y - 1. Let t(u) = -2*u + 18. Suppose -4*m - v + 26 = 0, 0 = m + 2*v - v - 5. Let i be t(m). What is the tens digit of c(i)?
9
What is the tens digit of 2/3 - (399/(-1862) - 4275694/84)?
0
What is the hundreds digit of (83850/125)/(5/25)?
3
Let q(c) = 37*c + 52. Let z be q(-15). Let j = 824 + z. What is the units digit of j?
1
Let o(i) = 15*i - 43. Suppose 0 = -9*k - 457 + 1375. Let n = 105 - k. What is the units digit of o(n)?
2
Let f(g) = -8*g + 42. Suppose -4*a + 14 = -6. Let n be f(a). Suppose -56 = -n*x - 12. What is the units digit of x?
2
Let m(c) = -3*c**2 + c + c + 4*c**2 - c**3 - 2 + 4*c**2 + 12. What is the tens digit of m(5)?
2
Suppose -113*h + 400*h = 1846845. What is the hundreds digit of h?
4
Let a(l) be the first derivative of l**6/30 - 7*l**5/120 - l**4/24 + 7*l**3/3 + 17. Let d(h) be the third derivative of a(h). What is the tens digit of d(3)?
8
Let z = -59 + 389. What is the tens digit of (-11)/(z/(-9198)) - 2/(-5)?
0
Let i(r) = -r**3 - 21*r**2 - 79*r + 31. What is the tens digit of i(-23)?
0
Let a be ((-10)/(-5))/2 + 1. Let g be ((-50)/40)/(a/(-8)). Suppose -g*w = -w - 268. What is the tens digit of w?
6
Let l(r) = 567*r + 581*r - 1125*r + 3*r**2 + 53. What is the tens digit of l(-16)?
5
Let l be (0 - -3 - 1)/(-1) - -7. Suppose -y - 5*j = -l*y + 71, 5*y - 76 = 2*j. Suppose 8*t - 122 = y. What is the tens digit of t?
1
What is the units digit of 40/48*-2 - 137340/(-27)?
5
Let c = -100 - -66. Let r = c - -16. What is the tens digit of r/(-72) - 419/(-4)?
0
Suppose -6 = 3*o, -5*d + 50 = -7*d + 4*o. Let s = 7 - d. What is the units digit of s?
6
Let i = 93 - 130. Let t(s) = -11*s + 59. What is the hundreds digit of t(i)?
4
Suppose -39*k + 385337 = 143732. What is the tens digit of k?
9
Suppose -28*t - 1035 = -2799. What is the units digit of ((-4)/(140/t))/((-9)/1605)?
1
What is the tens digit of 0/29*(-1)/(-2) - (-12389 - -3)?
8
What is the hundreds digit of (-8 - -6)/((-6)/17241)?
7
Let i(d) = 26*d**3 - 4*d**2 - 213*d + 1437. What is the hundreds digit of i(7)?
6
Suppose -q - 4*q = -20, 5*o - 51 = -4*q. Let x(j) = 3*j**3 - 3*j**2 - 10*j - 2. Let g be x(o). Suppose 15*f + g = 20*f. What is the tens digit of f?
6
What is the tens digit of (17953/169 + 10)*31 - 4/26?
0
Let i(s) = -40*s**3 + 18*s**2 + 7*s + 237. What is the ten thousands digit of i(-12)?
7
Let z be 36/(-16)*-1*(-284)/(-3). What is the tens digit of (-7)/35 + z/15?
1
Suppose -3 + 7 = -2*d + 4*z, 4*z = 4. Suppose d = 4*t - 6*t + j + 1259, 2*j - 2530 = -4*t. What is the units digit of t?
1
Let b be (-1)/3 - 3407*24/(-9). Let w be (-2)/15 - (b/(-75) + -2). Suppose 8*q - 3*q - 4*r - 258 = 0, -2*q + w = 5*r. What is the tens digit of q?
5
Let z(n) = 0*n**2 + 4 - 6*n + n**3 - 2*n**2 + 5*n. Let d be z(3). Suppose d*j - 770 = 5*j. What is the units digit of j?
4
Let o(z) = -2*z**3 + 29*z**2 - 9*z + 39. What is the hundreds digit of o(14)?
1
Let b(l) = -l + 3. Let x be b(1). Suppose 3*w - 69 - 23 = x*h, -5*w + 5*h = -150. Suppose w*o = 33*o - 94. What is the units digit of o?
4
Let j(p) = -2200*p + 123. Let u(m) = 733*m - 40. Let k(o) = -3*j(o) - 8*u(o). What is the tens digit of k(1)?
8
Let i = 15559 - 8639. What is the tens digit of i?
2
Suppose 22*p - 2*m + 16945 = 23*p, -84686 = -5*p + 3*m. What is the units digit of p?
9
Let f = 1073 - -2015. What is the thousands digit of f?
3
Let d be (8/10)/(-2 - 22/(-10)). Suppose -133 = 3*a - 4*q + 11, 2*a - d*q + 96 = 0. Let t = a + 144. What is the units digit of t?
6
Suppose 0 = 4*o + 638 - 622, 5*l - o = 38369. What is the tens digit of l?
7
Suppose -2*d = -4*w - 29494, -180*d + 3*w = -175*d - 73798. What is the thousands digit of d?
4
Suppose 180520 = 5*v - 5*k, 5*v + 7*k - 8*k - 180512 = 0. Suppose v = 44*w - 15334. What is the units digit of w?
9
Let b = -32 - -39. What is the hundreds digit of -1*(-2)/b - (-32868)/63?
5
Let c(x) be the first derivative of x**3 - 13*x**2/2 + 9*x - 101. What is the units digit of c(-10)?
9
Suppose -28*m - 60 = -31*m. Suppose -q + 4*g + 32 = -m, -74 = -2*q - 2*g. What is the units digit of (351/52)/(3/q)?
0
Suppose 4 = 3*s - 20. Suppose -7*m = -s*m + 71. Suppose 0 = 5*w - 2*g - 226, 0 = 5*w + g - 288 + m. What is the tens digit of w?
4
Let w(v) = 26 - 50*v + 44 - 17*v - 14*v + 75. What is the hundreds digit of w(-13)?
1
Let l = 167 + -562. Let f = -314 - l. What is the units digit of f?
1
Suppose -5*h + 29811 = 29*f - 31*f, h - 5958 = -f. What is the tens digit of h?
6
Suppose -2*g + 21972 = 4*u, 66*u + 10968 = g + 71*u. What is the tens digit of g?
9
Suppose -3*q + j = 3 + 13, 2*q - 11 = 5*j. What is the units digit of (-10833)/q + 0 - (-42)/98?
8
Let i = 4603 + -3651. What is the hundreds digit of i?
9
What is the tens digit of 10614 + 0 - (-15 - (-2 + -12))?
1
Let k(y) be the second derivative of 7*y**4/2 - 5*y**3/3 - 10*y**2 + 88*y. What is the hundreds digit of k(4)?
6
Let d be 30048/(-8)*2/(-2). Suppose 972 = -4*w + d. What is the hundreds digit of w?
6
Let i be 14*13*(-3)/(-12)*4. Let q = -52 - -54. Suppose -5*u + 960 = q*m, -2*m = -2*u + 216 + i. What is the units digit of u?
4
Let q(x) = 5837*x - 7817. What is the hundreds digit of q(4)?
5
Let y = 18125 + 22139. What is the ten thousands digit of y?
4
Let k = -11634 - -14855. What is the units digit of k?
1
Let h(j) be the first derivative of -25*j**2/2 + 10*j - 3. Suppose -4*d - 12 = w, -4*w + 2*d = -d + 10. What is the units digit of h(w)?
0
What is the units digit of (-6)/(-15) - ((-47634)/15 - -12)?
4
Suppose -25*g = -24*g - 21. Suppose 0 = -6*h - 651 - g. Let p = h + 198. What is the tens digit of p?
8
Suppose -1681*g + 1693*g = 56172. What is the units digit of g?
1
Let c = -408 + 19922. What is the tens digit of c?
1
Let a be (1/2)/(7/1428*6). What is the units digit of (3 + -3 + a)*(-1 - -2)?
7
Suppose -329*x = -271*x - 27028. What is the units digit of x?
6
Suppose 1512 = 6*b - 3*b. Suppose -2*g + b = -3*s + 8*s, 4*g + 3*s = 980. Suppose 2*l + 6*x - 2*x - g = 0, x = 3*l - 335. What is the tens digit of l?
1
Suppose 357*t - 358*t = 714. Let d = -237 - t. What is the units digit of d?
7
Let s be -4 + (2 - 0 - -4). Let j be (133/57)/(s/(-6)). What is the tens digit of 12/42 - 446/j?
6
Let q = 92371 + -65231. What is the thousands digit of q?
7
Let d(t) = 42*t**2 - 4*t + 2. Let m be d(3). Suppose -5*h + 177 = -m. Let x = -30 + h. What is the units digit of x?
9
Let i = 265 + -253. Let y(o) = 8*o - 21. What is the units digit of y(i)?
5
Suppose 5*v = w + 1347, 21*v - 24*v + 6823 = -5*w. Let l = 2466 + w. What is the tens digit of l?
9
Suppose -295*h = 17*h - 581880. What is the thousands digit of h?
1
Suppose -22*a = -19*a + 12213. What is the units digit of 120/(-110) - -1 - a/11?
0
Suppose 4*k + 552 + 40